-101138 + -5?
-101143
In base 8, what is 13161 + -117?
13042
In base 6, what is -34523403 - -1?
-34523402
In base 13, what is 6 + -7b1?
-7a8
In base 9, what is 13 + -263033?
-263020
In base 13, what is 414c1 + 5?
414c6
In base 15, what is -1e85 + 1?
-1e84
In base 5, what is 2 + -3000012?
-3000010
In base 8, what is 2 + -740363?
-740361
In base 4, what is -230 + -101111300?
-101112130
In base 16, what is 2 - 13276?
-13274
In base 13, what is 3 - 13761?
-1375b
In base 14, what is 22282b - 1?
22282a
In base 10, what is 38049 - -11?
38060
In base 9, what is -87 - 8732?
-8830
In base 8, what is -143306 - -6?
-143300
In base 8, what is 375222 - -1?
375223
In base 16, what is 5 - 7c61c?
-7c617
In base 7, what is 133601 + 3?
133604
In base 16, what is -2 - e176c?
-e176e
In base 4, what is -32 + 332032230?
332032132
In base 14, what is -3d + -b9?
-118
In base 2, what is -10100 + 1110001110111?
1110001100011
In base 16, what is -6 - -856c?
8566
In base 7, what is 333 + -241?
62
In base 9, what is 26 + -15422?
-15385
In base 15, what is -54 + -890?
-8e4
In base 9, what is 123 - -1344?
1467
In base 11, what is 796 + a2?
888
In base 5, what is 12 + 132201?
132213
In base 15, what is 1d - -c70?
c8d
In base 10, what is 223463 + -1?
223462
In base 9, what is -134272 + -1?
-134273
In base 6, what is -423 + 34201?
33334
In base 4, what is -11 - -2113111?
2113100
In base 14, what is -132a3c + -5?
-132a43
In base 12, what is 138b91 + 0?
138b91
In base 5, what is 4300032 - 11?
4300021
In base 6, what is -3343210 - -12?
-3343154
In base 8, what is 1301073 - 4?
1301067
In base 15, what is -40 + -83b2?
-8402
In base 14, what is -1 + 7096?
7095
In base 2, what is 10 - 101010000101010?
-101010000101000
In base 8, what is -6255600 - 2?
-6255602
In base 2, what is -111001001000011 + 110111?
-111001000001100
In base 2, what is 1000110111100 - -110?
1000111000010
In base 7, what is -10 - -25235?
25225
In base 6, what is 23 + -13411?
-13344
In base 9, what is -274 + 522?
237
In base 3, what is -1 - -2201010212?
2201010211
In base 4, what is 1 - 21001?
-21000
In base 9, what is -3 + 56575?
56572
In base 6, what is 1131 - -520?
2051
In base 12, what is -3 - -64a7?
64a4
In base 14, what is 3 - 15921?
-1591c
In base 7, what is 4262 - 33?
4226
In base 14, what is -c2a + 2?
-c28
In base 15, what is d55 + 43?
d98
In base 10, what is 221 + -2344?
-2123
In base 10, what is -5 - -126824?
126819
In base 16, what is -5 - -ba?
b5
In base 12, what is a4b + 1b?
a6a
In base 3, what is 22020 + -200112000?
-200012210
In base 8, what is -2366 + 22?
-2344
In base 6, what is -134335 - 13?
-134352
In base 13, what is -1 + -5ba20?
-5ba21
In base 13, what is 2 - -230?
232
In base 7, what is 3 - -20014?
20020
In base 5, what is -113 - 20432?
-21100
In base 11, what is 300a + 6?
3015
In base 13, what is -2405a - 6?
-24063
In base 9, what is 6 - -1508147?
1508154
In base 16, what is -d5e + -11a?
-e78
In base 8, what is 24 + -242466?
-242442
In base 3, what is 2 + -21211202?
-21211200
In base 11, what is 4 - -5660?
5664
In base 14, what is 115d - -22?
1181
In base 15, what is -37 - -766?
72e
In base 15, what is -1a - -5b56?
5b3b
In base 10, what is -23 - 244?
-267
In base 8, what is 242614 + 5?
242621
In base 13, what is -7 + 2092?
2088
In base 13, what is 1a6b1 + -1?
1a6b0
In base 11, what is 8253 + -1?
8252
In base 11, what is 4 + -3475?
-3471
In base 4, what is 222 + 10020312?
10021200
In base 2, what is 1010100101 - -11?
1010101000
In base 6, what is -100 + -344300?
-344400
In base 3, what is -11 - -1012120102?
1012120021
In base 13, what is -4 + c629?
c625
In base 8, what is 4736 + -211?
4525
In base 2, what is -111101101000011 + -101?
-111101101001000
In base 8, what is 7 + -4242?
-4233
In base 9, what is -3078 - 73?
-3162
In base 4, what is -120203 + 3320?
-110223
In base 7, what is 152010 + 35?
152045
In base 15, what is -c6aa0 + -1?
-c6aa1
In base 12, what is -4 + 38078?
38074
In base 15, what is 1ad0de - -4?
1ad0e3
In base 12, what is 0 - 8a7?
-8a7
In base 15, what is -e880 + 8?
-e877
In base 14, what is d + 1040?
104d
In base 2, what is -100011001101 + 1000100?
-100010001001
In base 9, what is -274 - -2431?
2146
In base 12, what is -4 + 32329?
32325
In base 3, what is 12 + 1022100210?
1022100222
In base 5, what is 21201444 + -10?
21201434
In base 14, what is -9880 + 6a?
-9814
In base 6, what is 3113 - -1455?
5012
In base 7, what is -503 + -3321?
-4124
In base 2, what is 10000 + -10101101100000?
-10101101010000
In base 2, what is -101 + -10011110011110101101?
-10011110011110110010
In base 3, what is -10 + 11112122?
11112112
In base 13, what is -14b47 + -4?
-14b4b
In base 8, what is -3 + 1606420?
1606415
In base 4, what is -21312103 + 0?
-21312103
In base 3, what is 1020012 + -1000020?
12222
In base 8, what is 1165 + -4643?
-3456
In base 2, what is -11100 + 110101100000111101?
110101100000100001
In base 6, what is 4315505 + -1?
4315504
In base 12, what is 137802 - 4?
1377ba
In base 8, what is -400773 - -5?
-400766
In base 7, what is 25 + 5042?
5100
In base 3, what is 11 - -100112121?
100112202
In base 16, what is -f + -85f3?
-8602
In base 7, what is 60312 - 40?
60242
In base 9, what is 10750 + 13?
10763
In base 9, what is 2 + -40180?
-40177
In base 3, what is -122110 - -12022?
-110011
In base 9, what is 22 - -232042?
232064
In base 16, what is -4 + 27d71?
27d6d
In base 5, what is 4434403 + 1?
4434404
In base 9, what is -848875 + 3?
-848872
In base 5, what is 14 - 142333?
-142314
In base 5, what is -20 + 4413433?
4413413
In base 4, what is 2103 + -2?
2101
In base 14, what is 0 - -3d67?
3d67
In base 3, what is 1 + -101100?
-101022
In base 12, what is -1391 - -5?
-1388
In base 15, what is b0b - 2d?
acd
In base 16, what is b74c - -7a?
b7c6
In base 11, what is 5690 + -212?
5479
In base 10, what is 9100 + -169?
8931
In base 11, what is 710 + -79?
642
In base 7, what is 1144 - -4002?
5146
In base 13, what is -5 - 92ba?
-92c2
In base 10, what is -1159 + -85?
-1244
In base 3, what is -21010011 - -211?
-21002100
In base 7, what is 6 + 4302562?
4302601
In base 2, what is -1000110100010 - -111111?
-1000101100011
In base 10, what is 732 + 5?
737
In base 3, what is 11122022 + 100?
11122122
In base 15, what is 3 - 14b9a?
-14b97
In base 7, what is -4 - -653155?
653151
In base 5, what is 20332 - 10242?
10040
In base 11, what is -4241a + 2?
-42418
In base 9, what is 4 - 83327?
-83323
In base 7, what is 55645 + 430?
56405
In base 6, what is -3104 - 41?
-3145
In base 16, what is -1aa70 - -f?
-1aa61
In base 4, what is 12021 - 10000?
2021
In base 16, what is -1a9cf + 17?
-1a9b8
In base 3, what is 211210111 + 1012?
211211200
In base 11, what is -5 - 80a291?
-80a296
In base 15, what is 0 - -3a6c?
3a6c
In base 4, what is 221123300031 + 3?
221123300100
In base 10, what is 48 + 903?
951
In base 15, what is -12 - 1cb9?
-1ccb
In base 14, what is -27 - 4b3a3?
-4b3ca
In base 10, what is -39649 - 5?
-39654
In base 14, what is 991d - 71?
988c
In base 8, what is 5 - 1540022?
-1540015
In base 14, what is c5 + -42?
83
In base 4, what is 31021323 - -2?
31021331
In base 15, what is -99 - -66ac?
6613
In base 8, what is 4 + -20650?
-20644
In base 8, what is 5 + -5526377?
-5526372
In base 5, what is 3 + 2101100?
2101103
In base 15, what is 3ad - 17e?
22e
In base 4, what is -2031 - -131?
-1300
In base 16, what is 1 + -16e4e?
-16e4d
In base 9, what is -6474 + 33?
-6441
In base 11, what is 237488 + a?
237497
In base 10, what is 6561 - 3?
6558
In base 2, what is 110 + -101110011011?
-101110010101
In base 7, what is 2263112 - 5?
2263104
In base 8, what is 72207 - -205?
72414
In base 6, what is 4 - 400444?
-400440
In base 8, what is 1 + 102646?
102647
In base 7, what is -4 + -11643403?
-11643410
In base 5, what is -13 - -12401?
12333
In base 6, what is -101334 - 44?
-101422
In base 15, what is 4 + 5698d?
56992
In base 7, what is 2 - -236521?
236523
In base 15, what is -48e0 + -41?
-4931
In base 11, what is -693 + -1870?
-2453
In base 16, what is -33 + -ea9?
-edc
In base 16, what is 18803a + -2?
188038
In base 8, what is -2257 - 133?
-2412
In base 11, what is -4610 - -48?
-4573
In base 10, what is -49368 + 2?
-49366
In base 13, what is -2 + -86c3?
-86c5
In base 11, what is 52 + -4438?
-4396
In base 10, what is -81 - -1644?
1563
In bas